17).
-38
Let u(f) = 13940*f - 376379. Give u(27).
1
Let v(l) = 30*l**2 + 1244*l + 16. Calculate v(-41).
-558
Let g(i) = 6*i**2 - 216*i - 147. Determine g(36).
-147
Let q(a) = 173*a + 6252. Determine q(-31).
889
Let p(g) = -46*g**3 + 7129*g**2 + 157*g - 313. What is p(155)?
-3
Let k(c) = -16*c**2 - 1264*c - 1262. Determine k(-78).
-14
Let u(j) = -j**3 + 169*j**2 + 2902*j + 206711. Give u(190).
-9
Let x(c) = -6*c**2 + 445*c + 42822. Give x(-55).
197
Let v(w) = w**2 + 120453*w + 1806556. What is v(-15)?
-14
Let n(i) = -250*i + 37002. Determine n(149).
-248
Let w(r) = -20712*r - 2071198. Calculate w(-100).
2
Let r(h) = h**2 + 4759*h - 47762. Give r(10).
-72
Let d(f) = 4472*f + 4436. What is d(-1)?
-36
Let x(i) = i**3 - 8*i**2 - 462*i + 3646. What is x(8)?
-50
Let u(k) = 2*k**3 + 505*k**2 - 9448*k + 751. Give u(-270).
211
Let h(b) = -b**3 - b**2 + 173*b + 1393. What is h(-9)?
484
Let h(s) = -1356*s - 36242. Give h(-27).
370
Let k(s) = s**3 + 41*s**2 - 469*s - 21639. Determine k(-39).
-306
Let l(y) = -3*y**2 - 285*y + 6191. Calculate l(-113).
89
Let c(y) = -42902*y + 557690. What is c(13)?
-36
Let y(n) = -3119*n - 28488. Determine y(-9).
-417
Let o(t) = 398*t - 2320. Calculate o(4).
-728
Let u(n) = -n**3 - 204*n**2 - 8812*n - 1143. What is u(-142)?
-7
Let z(p) = 447*p**2 + 1377*p + 107. Determine z(-3).
-1
Let a(t) = t - 245. Calculate a(-130).
-375
Let q(w) = w**2 + 491*w + 50882. Give q(-150).
-268
Let s(o) = -11*o**2 - 4276*o - 45737. What is s(-11)?
-32
Let k(z) = 4387*z - 166665. What is k(38)?
41
Let r(w) = 388*w**3 - 25*w**2 - 8*w + 18. Calculate r(-1).
-387
Let v(h) = h**2 + 80*h + 1841. What is v(-29)?
362
Let x(t) = -67*t - 7128. Determine x(-102).
-294
Let s(u) = 712*u - 13534. Determine s(19).
-6
Let w(b) = -8*b**2 + 2074*b + 109505. Give w(-45).
-25
Let a(k) = -673*k - 8653. Give a(-13).
96
Let s(o) = -30*o**2 - 1152*o - 4107. Calculate s(-4).
21
Let x(h) = 2*h**3 + 97*h**2 - 100*h + 873. Calculate x(-50).
-1627
Let x(k) = 3376*k - 13343. What is x(4)?
161
Let r(p) = 2*p**3 + 50*p**2 + 351*p + 482. Calculate r(-10).
-28
Let h(y) = -22*y**2 + 2714*y + 1661. Determine h(124).
-75
Let t(x) = -2644*x + 92526. Calculate t(35).
-14
Let v(j) = -531*j**2 - 832*j - 270. Give v(-1).
31
Let o(w) = -w**3 + 13*w**2 - 28*w - 27. What is o(9)?
45
Let f(k) = 52254*k - 313299. Determine f(6).
225
Let c(j) = 8*j**3 - 265*j**2 - 22*j + 1809. Calculate c(33).
-6
Let u(j) = -2*j**3 + 24*j**2 + 1183*j + 198. Calculate u(31).
353
Let h(p) = p**3 - 93*p**2 - 218*p + 20261. What is h(93)?
-13
Let p(j) = -14*j**2 - 6248*j - 468233. Give p(-351).
1
Let n(w) = -w**2 + 13124*w + 2705366. Calculate n(-203).
-15
Let p(i) = 2*i**3 - 5*i**2 - 506*i + 53. What is p(0)?
53
Let v(k) = 2*k**2 - 929*k + 87405. Calculate v(333).
-174
Let w(v) = -3*v**3 + 141*v**2 - 82*v + 3888. What is w(47)?
34
Let x(y) = -y**2 + 590*y - 3986. What is x(7)?
95
Let n(o) = -3*o**3 + 1657*o**2 + 1123*o - 9407. Determine n(553).
-6
Let l(s) = -170586*s + 1023516. Determine l(6).
0
Let u(c) = 110*c + 8568. Give u(-63).
1638
Let a(g) = 3*g**2 + 757*g + 43836. Calculate a(-90).
6
Let f(x) = 27488*x + 12259616. Give f(-446).
-32
Let a(d) = d**2 - 166*d + 60. What is a(179)?
2387
Let k(o) = 1364*o - 1155. Give k(-1).
-2519
Let m(a) = 6754*a - 432254. What is m(64)?
2
Let o(u) = -2796*u - 16903. What is o(-6)?
-127
Let s(g) = g**3 - 2*g**2 + 69*g + 156. Determine s(-7).
-768
Let y(p) = -823*p - 29630. Give y(-36).
-2
Let a(m) = 14815*m + 148156. What is a(-10)?
6
Let n(u) = -61827*u - 680093. What is n(-11)?
4
Let b(p) = -1118*p**2 - 14427*p + 1387. Determine b(-13).
-4
Let i(q) = -71410*q - 428452. Calculate i(-6).
8
Let x(r) = -2*r**2 - 28912*r - 836776. What is x(-29)?
-10
Let f(s) = s**3 + 4*s**2 - 504*s - 3344. What is f(24)?
688
Let q(k) = 215*k**2 - 77*k - 82. Calculate q(-1).
210
Let h(o) = -o**3 + 74*o**2 + 63*o - 6314. Determine h(75).
-7214
Let s(t) = 2796*t + 30773. Calculate s(-11).
17
Let d(v) = v**3 + 75*v**2 + 215*v + 24. What is d(-72)?
96
Let k(p) = -2659*p - 226017. What is k(-85)?
-2
Let u(s) = 70356*s - 140750. Give u(2).
-38
Let v(g) = -g**3 - 71*g**2 + 49*g + 8458. Calculate v(-70).
128
Let i(u) = -u**2 - 948*u + 61578. Determine i(61).
29
Let p(g) = 21*g**3 - 43*g**2 - 25*g + 65. Calculate p(2).
11
Let t(c) = -c**2 + 71*c + 1456. What is t(-29)?
-1444
Let y(i) = -i**3 - 125*i**2 - 1293*i - 428. What is y(-11)?
1
Let z(t) = 175*t + 2581. What is z(-17)?
-394
Let n(a) = -a**3 - 39*a**2 - 311*a + 1047. Calculate n(-23).
-264
Let w(l) = -l**3 - 3*l**2 + 266*l + 15. Determine w(15).
-45
Let t(z) = 9*z**3 + 648*z**2 + 2*z + 83. Calculate t(-72).
-61
Let s(w) = -2*w**3 + 221*w**2 - 635*w + 33533. Calculate s(109).
-39
Let x(v) = -2*v**3 - 34*v**2 - 89*v + 265. Determine x(-6).
7
Let z(s) = -2*s**3 + 2918*s**2 + 392576*s + 12664. Give z(1583).
0
Let i(r) = -3*r**2 + 320591*r - 3205762. Determine i(10).
-152
Let q(y) = y**3 + 108*y**2 + 1841*y + 34. Give q(-21).
-260
Let f(a) = -1239*a + 17570. Calculate f(17).
-3493
Let d(w) = 3482*w + 24263. Calculate d(-7).
-111
Let l(w) = -w**2 + 35949*w - 1472214. Determine l(41).
14
Let q(m) = 2*m**3 + 3194*m**2 + 6835*m + 725717. What is q(-1595)?
-8
Let a(v) = 139*v**2 - 1002*v + 207. Determine a(7).
4
Let y(u) = -u**3 - 93*u**2 - 104*u - 1661. Calculate y(-92).
-557
Let q(b) = -b**3 - 35*b**2 - 19*b + 494. Give q(-31).
-2761
Let x(q) = 141*q - 3365. Determine x(24).
19
Let b(m) = 439414*m + 4833548. Determine b(-11).
-6
Let k(d) = -66*d**2 - 426*d + 93. Give k(-7).
-159
Let s(o) = 1673*o**2 - 98*o - 98. Determine s(-1).
1673
Let t(m) = 8*m**2 - 1451*m - 1609. Determine t(183).
770
Let r(u) = -93606*u - 748938. Determine r(-8).
-90
Let m(c) = -c**3 - 192*c**2 - 45*c - 8943. Give m(-192).
-303
Let w(r) = -25*r**3 + 894*r**2 + 213*r + 127. Give w(36).
19
Let p(j) = 29745*j + 89302. What is p(-3)?
67
Let n(r) = -r**3 - 10*r**2 - 127*r - 2802. Determine n(-18).
2076
Let w(n) = 1346*n - 329895. Determine w(245).
-125
Let s(p) = -1298*p**3 - 6*p**2 - 49*p - 46. What is s(-1)?
1295
Let g(x) = -686*x - 1718. Calculate g(-5).
1712
Let a(t) = 10*t**2 - 145*t + 782. Determine a(6).
272
Let x(f) = 3*f**2 + 5329*f + 31958. Calculate x(-6).
92
Let m(d) = -4909*d - 58717. Give m(-12).
191
Let b(t) = -42*t**2 + 90*t - 20. What is b(0)?
-20
Let q(f) = -2*f**3 + 13*f**2 + 302*f + 79. What is q(-12)?
1783
Let z(s) = 19*s**3 + 201*s**2 + 127*s - 95. Calculate z(-10).
-265
Let r(t) = -2*t**3 + 3*t**2 + 301*t - 1979. Calculate r(6).
-497
Let m(d) = 2*d**3 - 21*d**2 - 70*d - 92. Determine m(14).
300
Let m(c) = c**3 + 74*c**2 + 1207*c + 1960. What is m(-51)?
226
Let r(y) = 967*y + 193498. Give r(-200).
98
Let f(q) = 2*q**2 - 1465*q + 243979. Determine f(256).
11
Let j(w) = -14*w**3 - 32*w**2 + 172*w - 157. Give j(-5).
-67
Let k(d) = 9084*d + 1289926. What is k(-142)?
-2
Let z(v) = -1404817*v + 7024190. Determine z(5).
105
Let m(z) = -131367*z + 262748. What is m(2)?
14
Let q(l) = -5*l**2 + 70*l + 861. Give q(22).
-19
Let k(j) = 2*j**3 - 322*j**2 + 603*j + 5230. What is k(159)?
-17
Let a(p) = -46*p**2 - 73*p - 299. Determine a(-4).
-743
Let r(b) = 69361*b - 9433091. Calculate r(136).
5
Let i(w) = 4*w**2 + 476*w + 11037. Calculate i(-36).
-915
Let v(c) = -37*c**2 - 48*c + 99. Give v(2).
-145
Let y(z) = z**3 + 266*z**2 + 8502*z + 1080. Give y(-37).
7
Let x(t) = -12543*t + 2646574. Give x(211).
1
Let v(w) = 15420*w + 4009175. Determine v(-260).
-25
Let p(x) = 90*x**2 + 1959*x + 3553. What is p(-2)?
-5
Let t(s) = -137*s**2 + 121*s + 468. What is t(6)?
-3738
Let g(a) = 3817*a + 194634. Calculate g(-51).
-33
Let d(j) = -7*j**2 - 1170*j + 95392. What is d(60)?
-8
Let b(i) = i**2 - 3936*i + 35350. Give b(9).
7
Let d(i) = 2948*i + 560083. Give d(-190).
-37
Let s(j) = 44*j**2 + 3560*j + 72003. Give s(-40).
3
Let w(k) = -23*k**2 + 2724*k - 16579. What is w(112)?
-3
Let n(q) = -418*q - 5302. Determine n(-11).
-704
Let g(o) = -14*o**3 - 8*o**2 + 240*o - 847. Determine g(4).
-911
Let k(l) = l**3 + 27*l**2 - 1115*l + 5676. Determine k(6).
174
Let k(x) = 10666*x - 2911774. What is k(273)?
44
Let p(o) = -1827*o - 358265. Give p(-196).
-173
Let q(w) = 322*w**2 + 9334*w - 78. Give q(-29).
38
Let x(d) = -61*d - 6296. Calculate x(-103).
-13
Let d(j) = -3513*j - 97172. Give d(-28).
119